7
Let z be (-3)/(-2) - 13/(-26). Suppose -3*t - 2*t = 0, 64 = z*q - 5*t. Calculate the remainder when q is divided by 9.
5
Let b = -5 - -10. Suppose 2*f = -8, 2*f + 0 = 3*c + 22. Let w = c + 18. Calculate the remainder when w is divided by b.
3
Suppose -52 = -4*m + 3*v, -m = -5*v - 13 - 0. Suppose 0 = -g - x - 9, -7*g + 3*g = -5*x - 9. What is the remainder when g/16 + 298/8 is divided by m?
11
Let n(i) = -10*i - 1. Let p(v) = v + 1. Let b(o) = n(o) + 2*p(o). Let j = 11 - 15. Calculate the remainder when b(j) is divided by 9.
6
Suppose -3*c = -2*g - 7, 3*g + 0*g - 32 = -4*c. What is the remainder when 10 is divided by g?
2
Calculate the remainder when (2/4)/((-3)/(-6))*61 is divided by 16.
13
Suppose 5*y - j - 30 = 0, -y + 3*j + 6 = 7*j. Calculate the remainder when 21 is divided by y.
3
Let z be 0/(-1) + 2 - -34. Suppose 2*d = -z + 108. Calculate the remainder when d is divided by 13.
10
Let r(w) = w**3 - 3*w**2 + 2*w - 3. Let a be r(3). Let i be (a/1 + 2)*-9. Let u = i + 83. What is the remainder when u is divided by 10?
8
Suppose 0 = -8*f + 5*f + 108. What is the remainder when 142 is divided by f?
34
Suppose 5*w = -2 + 22. Suppose -w*g + 109 = 5. Let y = 4 - -10. What is the remainder when g is divided by y?
12
Let s = 17 + -52. Let v = s - -77. Calculate the remainder when v is divided by 11.
9
Let j(h) = 3*h**2 - 2*h + 1. Calculate the remainder when j(4) is divided by 14.
13
Let i = -2 + 2. Suppose -2*n - 3*n + 65 = i. Calculate the remainder when 51 + 3*(-1)/3 - -1 is divided by n.
12
Suppose 2*y = -3*z, 0 = -5*z - 17 - 3. Suppose -a = a - y. What is the remainder when a is divided by 2?
1
Let k be -4*((-405)/4)/(-5). Let d = -39 - k. Suppose -3*g + 9 = 0, -5*f + 2*g = g - d. Calculate the remainder when 17 is divided by f.
8
Suppose -6*r = -99 - 231. Calculate the remainder when r is divided by 14.
13
Suppose 5*f + 5 = -y, 0 = -0*y + 4*y - f - 1. Let j = 0 + y. What is the remainder when 38 + 1 + -1 + j is divided by 13?
12
Let i = 20 - 5. Calculate the remainder when (-18)/24 - 7/(-4) - -41 is divided by i.
12
Suppose -5*v - 4*g + 0*g + 351 = 0, 3*v - 211 = -2*g. Suppose -2*d - 56 = -3*l, -3*l - 5*d + 50 = -d. What is the remainder when v is divided by l?
17
Suppose c = -c + 38. Calculate the remainder when c is divided by 5.
4
Let l(k) = -9*k + 1. Let h be l(-1). Let c(x) = 13 - x**2 - 4 + 2 + h. Calculate the remainder when c(0) is divided by 11.
10
Suppose -s = 3*h + h + 50, -5*s - 3*h = 267. Suppose -3 = -z + 36. Calculate the remainder when z is divided by (-12)/s + 178/9.
19
Suppose 3*u - u = 5*r - 34, 3*r - 5*u = 28. Let k(l) = -7*l**2 + r*l**2 - 3*l + 13*l**2 + 0 - 1. Calculate the remainder when k(-2) is divided by 18.
17
Suppose -4*i = 3*f - 159, -f + 114 = 3*i + 3*f. What is the remainder when 124 is divided by i?
40
Let r(w) = 12*w - 10. What is the remainder when r(10) is divided by 28?
26
Let l = 15 - 9. Calculate the remainder when l is divided by 4.
2
Let o(k) = 4*k - 9. Suppose 40 - 4 = 4*s. Calculate the remainder when o(11) is divided by s.
8
Suppose -2*w + 11 = -3*z, 4*w = 3*z + 4 + 9. Let n(l) = 6*l**2 - 1. What is the remainder when 14 is divided by n(w)?
4
Let n(d) = d**3 + 8*d**2 + 7*d - 8. Let t be n(-7). Let q = 12 - t. Calculate the remainder when 37 is divided by q.
17
Let i = 14 + -2. Let w(n) = 2*n**2 - n + 2. Calculate the remainder when w(-3) is divided by i.
11
Let c(x) = x**2 + 8*x + 15. What is the remainder when c(-12) is divided by 17?
12
Let m(z) = 82*z**2 - z. What is the remainder when m(1) is divided by 21?
18
Let v be 224/5 - 4/(-20). Suppose 2*u - v = -u. What is the remainder when 29 is divided by u?
14
Let a(w) = -w + 3. Let r be a(8). Let m = 17 + r. What is the remainder when 34 is divided by m?
10
Calculate the remainder when -2*2/((-24)/354) is divided by 12.
11
Suppose 2*t + 2*t = 5*p + 1, 0 = -5*p - 4*t + 31. What is the remainder when 13 is divided by p?
1
Let p(d) = 3*d + 4. What is the remainder when p(8) is divided by 1/(-3)*15*-2?
8
Let g be (-8)/6*12/(-8). Suppose -5*l = -5, 8*q - g = 5*q - 2*l. Suppose -13 = -4*p + 2*s + 1, -3*s + 9 = q. Calculate the remainder when 14 is divided by p.
4
Let n(u) = u**3 - 10*u**2 - u + 13. Let p be n(10). Suppose 0 = 4*f + p*q - 49, -2*f = -0*q - 2*q - 14. Calculate the remainder when 29 is divided by f.
9
Calculate the remainder when 117 is divided by 6/(-15) + -228*(-2)/15.
27
Let g = 51 + -26. Let x be 2/6 - (-11)/3. Suppose x*t - 26 = 10. What is the remainder when g is divided by t?
7
Let w = 6 - 6. Suppose w*c + 3*c = 27. Calculate the remainder when c is divided by 6.
3
Suppose -v + 15 = 2*b, 0 = v - 0*v - 2*b - 19. What is the remainder when v is divided by 9?
8
Suppose -3*r = 5*l - 47, -3*r + 3*l = 2*r - 33. What is the remainder when 33 is divided by r?
6
Suppose 0*r = 4*g - r - 63, 0 = 2*g - 5*r - 27. What is the remainder when 61 is divided by g?
13
Suppose -3*c = 2*c - 25. Suppose 2*l + 4*o - 31 = -5, -3*l - c*o + 36 = 0. Calculate the remainder when 6 is divided by 1/(-2 + l/3).
0
Suppose -5*i = -9 - 41. Suppose 3*w = 4*q - 18 + 31, w + 4*q = 15. Calculate the remainder when i is divided by w.
3
Let u = 30 - 21. What is the remainder when u is divided by 3?
0
Let w = 35 - 31. What is the remainder when 8 is divided by w?
0
Let b(f) = -f**2 + 10*f - 4. Let j be b(9). Suppose 3*a + j*n = 2*n + 42, -n = -a + 4. Calculate the remainder when 25 is divided by a.
7
Let p(i) = 3*i**2 + 6*i + 3. Calculate the remainder when 15/4 - 3/(-12) is divided by p(-2).
1
Let w(n) = -n**2 + 11*n + 8. What is the remainder when 14 is divided by w(11)?
6
Let i be (-4)/(1/32 + 0). Let d = 183 + i. What is the remainder when d is divided by 14?
13
Let u(o) = o**2 + 5*o - 10. Calculate the remainder when 3/6*(-164)/(-2) is divided by u(-8).
13
Let d(w) = -5*w**2 - w + 1. Let b be d(1). Let m(z) = z**2 + 5*z + 3. Calculate the remainder when 8 is divided by m(b).
2
Let u(z) = z**3 + 6*z**2 + 6*z. What is the remainder when 35 is divided by u(-4)?
3
Suppose 5*u + 178 = 3*f, 0*u = -3*f + 2*u + 181. Calculate the remainder when f is divided by 16.
13
Let n be (6/4)/((-4)/(-8)). Suppose -5*o = -4*o - n. Suppose 0 = -4*a - o*r + 71, -a + 2*r + 38 = 12. Calculate the remainder when a is divided by 11.
9
Suppose 3*f - 251 = -2*a, 3*a - 6*a - 6 = 0. Calculate the remainder when f is divided by 8.
5
Let s(p) = p**3 + 3*p**2 - 1. Let v be s(-2). Suppose 3*j = -9, -v*j + 4*j = -5*u + 127. Calculate the remainder when u is divided by 7.
5
Let s be (0 - -5)/(-2 - -3). Let c be 25/(-5)*(-38)/s. Suppose p - c = -p. Calculate the remainder when p is divided by 7.
5
Let d = 327 - 229. Calculate the remainder when d is divided by 20.
18
Let h(u) = -3*u**3 + 6*u**2 + 6*u + 6. Let b(p) = p**3 + p - 1. Let n(y) = 2*b(y) + h(y). What is the remainder when n(7) is divided by 0/(-1) + 0 + 6?
5
Calculate the remainder when 104 is divided by (6/(-5))/((-8)/120).
14
Let i(g) = 3*g**2 + 2*g + 1. Let l be i(-1). Let y = l - -27. Calculate the remainder when y is divided by 15.
14
Let i = 2 - -6. Suppose 2*n - 18 = -0*n + 3*o, 0 = 2*o - i. What is the remainder when 44 is divided by n?
14
Suppose h + 2 - 7 = 0. Suppose h*g - 18 + 3 = 0. Suppose 85 = 5*b + 4*p, b + g*p = -3*b + 67. What is the remainder when 38 is divided by b?
12
Suppose 15 = 5*c - 0*c. Let b = c + 59. What is the remainder when b is divided by 21?
20
Suppose 4*o + 3*s = 80, -3*o - 3 = -2*o - 5*s. Suppose 2*q = -2*q + 328. What is the remainder when q is divided by o?
14
Let s(k) = k**2 + 4. What is the remainder when 36 is divided by s(3)?
10
Let w(c) = -2*c - 4. Let n be w(-3). Suppose 94 = 4*d + 4*b - 66, n*d = -b + 82. What is the remainder when d is divided by 11?
9
Calculate the remainder when 19 is divided by (-68)/(-7) - ((-6)/(-21))/(-1).
9
Let a(p) be the third derivative of 0*p + 0 + 2*p**2 - 1/24*p**4 - 1/60*p**5 + 1/3*p**3. Calculate the remainder when 5 is divided by a(0).
1
Let j = 100 - 82. What is the remainder when 53 is divided by j?
17
Let r = 8 - 0. Let a = -8 + 10. Suppose 0*w - 21 = -3*b - a*w, -4*b = 5*w - 35. Calculate the remainder when r is divided by b.
3
Let v be 2/(-4) - (-19)/(-2). Let u = 2 - v. Let m(i) = 2*i**3 + i**2 + i + 1. Calculate the remainder when m(2) is divided by u.
11